-35?
-41
In base 12, what is 7077 - 5?
7072
In base 9, what is 24 + -312?
-277
In base 7, what is -5 - -223?
215
In base 11, what is -3 + -538?
-540
In base 4, what is -3133320 + 10?
-3133310
In base 8, what is -47 - 3?
-52
In base 13, what is 2 - 4?
-2
In base 9, what is -1 + 17?
16
In base 6, what is 340 - 5?
331
In base 12, what is -3 + -6a?
-71
In base 4, what is 233010 + 10?
233020
In base 9, what is 21 - 14?
6
In base 7, what is 1 + 0?
1
In base 4, what is -1013 - -1202?
123
In base 15, what is 12 + -7?
a
In base 13, what is -36 + -19?
-52
In base 14, what is 398 - 1?
397
In base 5, what is -41 - 10?
-101
In base 12, what is -182 - 7a?
-240
In base 3, what is -2122 + 2201?
2
In base 3, what is -10000 + 12?
-2211
In base 12, what is 286 + 3?
289
In base 9, what is 1 + 43?
44
In base 8, what is -6 + 7?
1
In base 8, what is 572 + -3?
567
In base 4, what is -312113 + 1?
-312112
In base 11, what is -6 - 89?
-94
In base 6, what is 312 - 3?
305
In base 9, what is 63 - -5?
68
In base 8, what is 3 - -15?
20
In base 9, what is -123 + 32?
-81
In base 11, what is 65 + 17?
81
In base 10, what is -8 - -130?
122
In base 2, what is -100011000 - 11?
-100011011
In base 4, what is -3 + -112200?
-112203
In base 14, what is dd - -4?
103
In base 5, what is -1 - 3302?
-3303
In base 11, what is -109 - -3?
-106
In base 3, what is 212211 - -100?
220011
In base 10, what is 187 + -3?
184
In base 6, what is -12 + 33?
21
In base 5, what is 424414 + 10?
424424
In base 9, what is -30476 + 5?
-30471
In base 16, what is 2f7 + 8?
2ff
In base 3, what is -2 + 120?
111
In base 8, what is -5 + 531?
524
In base 3, what is -1211 + 10002?
1021
In base 9, what is -161 - 53?
-224
In base 15, what is 5 - -119?
11e
In base 10, what is 1 + 12?
13
In base 2, what is -10000 + 10?
-1110
In base 14, what is -387 - 2?
-389
In base 7, what is 525 + -11?
514
In base 16, what is -2e + -1?
-2f
In base 11, what is 6 - -52?
58
In base 7, what is 12 + -12?
0
In base 8, what is 2 - -4436?
4440
In base 2, what is -10000 - 100101?
-110101
In base 3, what is -1110 - -1211?
101
In base 5, what is 11 + 4324?
4340
In base 13, what is 9 + -23?
-17
In base 14, what is dc - 0?
dc
In base 10, what is 5 + -11?
-6
In base 16, what is a1 - 14?
8d
In base 8, what is -4606 - -5?
-4601
In base 10, what is 5 + 353?
358
In base 2, what is 0 + 1001001?
1001001
In base 13, what is -2 - 67?
-69
In base 3, what is 1102 + -20221?
-12112
In base 4, what is -321333 - 11?
-322010
In base 9, what is 732 - 6?
725
In base 13, what is 59a + -3?
597
In base 10, what is -115 - 0?
-115
In base 9, what is 166 - -5?
172
In base 9, what is 233 - 2?
231
In base 11, what is 193 + -1?
192
In base 14, what is 1 - 32a?
-329
In base 15, what is 203 + 3?
206
In base 13, what is 130 + 4?
134
In base 7, what is -221 - -36?
-152
In base 11, what is -1 + 34?
33
In base 5, what is -1030 + 4?
-1021
In base 5, what is 41134 + -11?
41123
In base 14, what is a - -21?
2b
In base 3, what is 11 + -122?
-111
In base 9, what is -132 - -3?
-128
In base 8, what is -6 - -73?
65
In base 9, what is 0 - -8433?
8433
In base 12, what is -b825 + 0?
-b825
In base 5, what is 30023 - 2?
30021
In base 16, what is -4 + -21e?
-222
In base 16, what is 3e + c?
4a
In base 14, what is 0 - 304?
-304
In base 4, what is 3030 - -21?
3111
In base 5, what is -4 + 30413?
30404
In base 9, what is 44 - 14?
30
In base 2, what is -1011011010 + -11?
-1011011101
In base 13, what is 3 + -12a?
-127
In base 14, what is -2 + -27?
-29
In base 4, what is 2 + -2320?
-2312
In base 12, what is 2b4 - 0?
2b4
In base 7, what is 0 + -24614?
-24614
In base 4, what is 3 + -3333?
-3330
In base 2, what is 101011 - -101?
110000
In base 4, what is 3030 + 2?
3032
In base 2, what is -1101100100 - -10000?
-1101010100
In base 15, what is 5 - -9e?
a4
In base 9, what is 212 - -105?
317
In base 3, what is -222020 - 100?
-222120
In base 2, what is 1100111110010 - 101?
1100111101101
In base 6, what is -33 - 133?
-210
In base 14, what is 215 + -4?
211
In base 8, what is 1 + 430?
431
In base 16, what is -3e + 3?
-3b
In base 13, what is -7b - -4?
-77
In base 4, what is -31 - 21?
-112
In base 4, what is 32220 - 100?
32120
In base 7, what is 65 + 403?
501
In base 4, what is 10 - -1011?
1021
In base 8, what is 66 - 1?
65
In base 6, what is -12 + 5?
-3
In base 14, what is 0 - -6d8?
6d8
In base 5, what is 33 - 1001?
-413
In base 13, what is 5c + 3?
62
In base 8, what is 1 + -711?
-710
In base 9, what is -27 + -116?
-144
In base 4, what is 121 + -10?
111
In base 2, what is -110011111 + 1010?
-110010101
In base 12, what is -2 - 47?
-49
In base 8, what is -1 + 610?
607
In base 16, what is -6f - -1?
-6e
In base 2, what is 101 - -101000?
101101
In base 2, what is 110110011 + -11?
110110000
In base 8, what is -2 + 437?
435
In base 12, what is 4 - -510a?
5112
In base 6, what is 4 - 14?
-10
In base 2, what is 10011110110 + -101?
10011110001
In base 9, what is 3215 + 1?
3216
In base 7, what is -3205 + -1?
-3206
In base 5, what is -1 + -3020?
-3021
In base 10, what is -759 - 2?
-761
In base 5, what is 2 + 4313?
4320
In base 15, what is -b - 55?
-61
In base 2, what is 0 - 1100011111101?
-1100011111101
In base 11, what is -2308 - 6?
-2313
In base 4, what is 23112 - 11?
23101
In base 10, what is -1 + 86?
85
In base 7, what is -423 - 3?
-426
In base 3, what is 2210022 + 20?
2210112
In base 9, what is 6 + 7?
14
In base 16, what is -93f + 1?
-93e
In base 11, what is 35 + 690?
715
In base 8, what is -2 + 5140?
5136
In base 12, what is -5 + b1?
a8
In base 13, what is 51 + -248?
-1c7
In base 15, what is 31 + 4?
35
In base 5, what is -4 + -1312?
-1321
In base 2, what is -101110000 + -1?
-101110001
In base 15, what is -1d + -9?
-27
In base 7, what is -33 + 0?
-33
In base 8, what is -1214 + -4?
-1220
In base 7, what is -11 + 0?
-11
In base 12, what is 4 + -264?
-260
In base 12, what is 26 - 133?
-109
In base 15, what is 21 + 0?
21
In base 3, what is 101112 + 0?
101112
In base 9, what is 2 + -268?
-266
In base 14, what is 9d + a?
a9
In base 3, what is 10 + -102221?
-102211
In base 5, what is 3 - 41043?
-41040
In base 6, what is 52 + 2?
54
In base 13, what is -2a87 + -5?
-2a8c
In base 5, what is 3 + -30243?
-30240
In base 9, what is 102 + 2?
104
In base 9, what is 8606 - 4?
8602
In base 9, what is 172 - 5?
166
In base 5, what is -12 - -14?
2
In base 3, what is -1012002 - 10?
-1012012
In base 2, what is -100 - 101110?
-110010
In base 7, what is 1046 - -2?
1051
In base 9, what is 5 + 1501?
1506
In base 12, what is 4 - -3b3?
3b7
In base 8, what is 12 + 75?
107
In base 14, what is -2 - -b23?
b21
In base 3, what is -1021 - -210?
-111
In base 8, what is -1642 + -3?
-1645
In base 13, what is -5 - -135?
130
In base 12, what is 14 - -b?
23
In base 8, what is -76 - -3?
-73
In base 7, what is 33 - 32?
1
In base 15, what is 3 + 10?
13
In base 10, what is -138 - -25?
-113
In base 15, what is -2 + -57?
-59
In base 8, what is 4 - 236?
-232
In base 16, what is -1ec - 2?
-1ee
In base 4, what is 12 + 112?
130
In base 4, what is -21 - -23311?
23230
In base 8, what is 465 - -1?
466
In base 15, what is 32 - 1?
31
In base 9, what is 466 - -1?
467
In base 12, what is 2 - 196?
-194
In base 4, what is -11 - -20132?
20121
In base 12, what is 0 + 143?
143
In base 15, what is 1 + 16?
17
In base 15, what is 2b1 - 0?
2b1
In base 14, what is -20 - -1a?
-4
In base 8, what is -1 - 170?
-171
In base 12, what is 190 - 0?
190
In base 2, what is -10 - -10100110?
10100100
In base 11, what is -6 - a8?
-103
In base 16, what is 22a - 2e?
1fc
In base 13, what is 187 - -2?
189
In base 15, what is -10 + 6b?
5b
In base 11, what is 3606 - 5?
3601
In base 7, what is 44 - 2?
42
In base 10, what is -4 + 659?
655
In base 12, what is -2b - -18?
-13
In base 9, what is 2854 - -5?
2860
In base 8, what is 1446 - 5?
1441
In base 13, what is 303 + 4?
307
In base 7, what is 2254 - 3?
2251
In base 4, what is -21 + -211?
-232
In base 2, what is 111100011 - 100?
111011111
In base 12, what is -4 + -2271?
-2275
In base 16, what is -4 + 69?
65
In base 7, what is -32 - 356?
-421
In base 14, what is -2d97 + -4?
-2d9b
In base 2, what is 10101 - -10000?
100101
In base 13, what is 3 - -18?
1b
In base 9, what is -8 + 15?
6
In base 15, what is -35 + -2?
-37
In base 15, what is 2 + -db?
-d9
In base 16, what 